= 2*h + 3. Let l be i(11). Suppose -3*z + 50 = -z. What is the greatest common factor of l and z?
25
Suppose -k = -0*k - 5. Suppose -k*a - 8*r = -3*r - 225, 4*a - 2*r - 186 = 0. Calculate the greatest common divisor of 23 and a.
23
Let z be (-105)/(-2)*(-4 - -6). Suppose 9*d - 90 - 45 = 0. What is the greatest common divisor of d and z?
15
Let s = 145 + -107. Calculate the greatest common factor of 2 and s.
2
Suppose 0 = 4*m - 64 - 20. What is the highest common divisor of 63 and m?
21
Suppose 3*o - o = 30. Calculate the highest common divisor of o and 3.
3
Suppose 21*n - 425 = 4*n. Let h = 18 + -13. Calculate the highest common factor of h and n.
5
Suppose -u - 7 - 63 = 0. Let l = -26 - u. Calculate the highest common divisor of l and 4.
4
Suppose j = 5*j - 176. Let o = 53 + -31. Calculate the greatest common divisor of j and o.
22
Suppose -30 = 2*p + 3*p. Let d be 10 - 6*(-3)/p. Calculate the highest common factor of d and 56.
7
Suppose -3*h - 4*g = 6, -4*h - 6*g = -g + 7. Let r = 50 + -48. What is the highest common divisor of h and r?
2
Suppose -5*k + 149 = -26. Let v = k - 23. What is the greatest common divisor of v and 96?
12
Let x = -27 - -28. Let w be 15/x - (4 - 4). Calculate the highest common divisor of w and 165.
15
Let l be (6/(-4))/((-2)/36). What is the greatest common divisor of l and 9?
9
Let n(r) = -r**2 + 10*r - 7. Let u be n(9). Suppose 2*t - u = 8. Suppose 70 = t*m - 10. Calculate the greatest common factor of 24 and m.
8
Let x(f) = -f**2 - 7*f - 6. Let l be x(-5). Suppose -l = -4*s + 4. Calculate the greatest common factor of s and 8.
2
Suppose -3*b + 0 + 6 = 0. Let l(d) = 2*d**2 - 2*d + 1. Let i be l(b). Calculate the highest common factor of i and 15.
5
Let t be -4*(-13 - (-1 + 3)). What is the highest common factor of t and 40?
20
Let p = 5 + -1. Suppose 42 = p*n + 2. Calculate the greatest common divisor of n and 110.
10
Suppose -n = -24 + 2. Suppose 32 = 2*y + 10. Calculate the greatest common factor of y and n.
11
Let i be 11 - (-2 + 0 + 3). Suppose 0 = 9*l - i*l + 30. What is the highest common factor of l and 270?
30
Let y = 11 - 8. Suppose -s = y + 5. Let v be (-30)/(-8) - 2/s. Calculate the highest common factor of 16 and v.
4
Let o(x) = 2*x + 4. Let p be o(2). Let h be 892/14 + (-8)/(-28). What is the greatest common divisor of h and p?
8
Suppose -3*f + 15 = -3*w, -4*w - 1 - 1 = 2*f. What is the highest common factor of f and 30?
3
Let u(i) = i**3 - 10*i**2 - 23*i - 10. Let t be u(12). What is the greatest common factor of t and 4?
2
Let w be ((-33)/5 - -3)/(4/(-20)). What is the highest common divisor of 6 and w?
6
Let m be 5*1/((-2)/(-2)). Let d(p) = p**3 - 6*p**2 + 5*p - 1. Let u be d(5). Let f be u + (3 - 0 - 1). What is the highest common divisor of f and m?
1
Let a be (0 + -7)*30/(-7). Let y(w) = -4*w + 2. Let q be y(1). Let v be q + (1 - 3) + 10. Calculate the greatest common factor of a and v.
6
Suppose 0 = 4*g - 5*f, 2*f - 3*f = -5*g + 21. Suppose 2*i - 18 = -i. Let l = 46 - i. Calculate the greatest common factor of g and l.
5
Suppose -5*u + 4*a + 86 = 0, 3*u + 2*u - 5*a - 85 = 0. Let z = 451 - 307. What is the highest common divisor of z and u?
18
Let l = -37 - -65. Let z(w) = -w - 4. Let p be z(-6). Suppose -18 = -p*a - 4. What is the highest common factor of l and a?
7
Let s be -1*((0 - 0) + 1). Let u be 20 + (s - (2 + -5)). What is the greatest common factor of u and 44?
22
Let l(h) = 27*h. Let n be l(-1). Let j = -12 - n. Suppose -8 = -p + j. Calculate the greatest common divisor of p and 115.
23
Let v(l) = -l**3 - 10*l**2 - 12*l - 4. Let i be v(-9). Let d = i - 8. Calculate the greatest common factor of 165 and d.
15
Let m be ((-18)/5)/(3/(-15)). Suppose y - m = -y. What is the highest common factor of y and 9?
9
Suppose 0 = -4*x - x + 275. Let k be -2 - (-4 - 0/1). Let a be 5*4 + (4 - k). What is the highest common factor of x and a?
11
Let x be 6/1*15/3. What is the greatest common factor of x and 20?
10
Let f(c) = c**2 + 13*c + 15. Let j be f(-12). Let m be ((-21)/(-14))/((-1)/(-8)). What is the highest common factor of j and m?
3
Let n(b) = 2*b**2 - 9*b + 4. Let c be n(-7). What is the greatest common divisor of c and 15?
15
Suppose -4*b - 24 = -0. Let k be 123/9 - (-4)/b. Let m = 3 + 10. What is the greatest common divisor of k and m?
13
Let x be (38 - 2)*7/14. Suppose 4*v - 3*v - x = -3*b, 4*v - 127 = -b. What is the highest common divisor of 22 and v?
11
Suppose 2*k = 6*k. Suppose k*a = 2*a + 8. Let u be a - 1*-2 - -4. What is the greatest common factor of u and 14?
2
Let d = -8 + -1. Let l be ((-2)/(2/d))/1. Let w = l - 1. Calculate the greatest common factor of 88 and w.
8
Suppose 12*a = 14*a - 30. Suppose 55 = 2*l - a. What is the highest common divisor of l and 14?
7
Let k = 65 - 59. What is the greatest common factor of k and 78?
6
Suppose -4*l + 30 = 3*i, -4*l + 12 = i - 2*l. What is the highest common factor of 12 and i?
6
Let b(m) = -32*m - 1. Let k(n) = n**3 + 8*n**2 + 6*n - 9. Let i be k(-7). Let c be b(i). What is the greatest common factor of c and 7?
7
Let m = 90 + 36. Calculate the highest common divisor of 21 and m.
21
Suppose -106 = -3*i - 2*k, 5*i - 5*k = -0*k + 185. Let r be (-2)/10 - 138/(-15). What is the greatest common factor of i and r?
9
Let f = -34 - -54. Suppose 4*w - 2*x = 870, -w + 8*x - 3*x = -195. What is the greatest common divisor of w and f?
20
Suppose -324 = -4*c + c. Calculate the greatest common divisor of c and 12.
12
Let u = -34 + 52. What is the highest common divisor of 90 and u?
18
Let g be (-8)/(-4)*12*1. Suppose n - 3 = 0, 3*n - g = -f + 85. Calculate the greatest common divisor of 20 and f.
20
Let s(m) be the first derivative of -3*m**2 - 12*m - 1. Let y be s(-6). What is the highest common factor of 216 and y?
24
Let s be 15 + (1 - (-3)/15*0). What is the greatest common factor of s and 96?
16
Suppose r + 2*w + 4 = -1, -3*w + 5 = 4*r. Let y be 50/(-4)*(-14)/7. Calculate the greatest common factor of y and r.
5
Let d be 34*1 - 40/20. What is the greatest common factor of d and 80?
16
Suppose -2*f = 2*f - 28. Calculate the highest common divisor of 49 and f.
7
Let b be 4/((-16)/12) - -20. Calculate the highest common divisor of b and 187.
17
Let x be (-3)/(-2)*16/6. Suppose -2 + x = i. Suppose 4*l - 22 - 6 = 4*h, -5*l = 5*h + 15. Calculate the greatest common factor of i and l.
2
Let h be (3*((-200)/12)/5)/(-1). What is the greatest common divisor of h and 160?
10
Let s = -4 + 7. Let m be 13 - 3*(s + -2). Calculate the greatest common divisor of 5 and m.
5
Suppose 5*s - 67 = -17. Suppose q + 80 = 5*q. Calculate the greatest common factor of q and s.
10
Let i be (-4)/14 - (-988)/28. What is the greatest common factor of i and 14?
7
Suppose z + 3 = 6. Suppose 4*r = z*r + 44. Suppose 28 = 4*n - r. Calculate the greatest common factor of 45 and n.
9
Let n be (-5)/20 - 469/(-4). Calculate the greatest common divisor of 13 and n.
13
Let w be 2/(-5) + (-126)/(-15). Let n(b) = b**2 + b + 64. Suppose i - 5*i = 0. Let s be n(i). Calculate the greatest common divisor of w and s.
8
Let s(x) = -x**2 + 16*x + 3. Let w be s(15). Calculate the greatest common divisor of 45 and w.
9
Let s(f) = 2*f + 49. Let z be s(-19). What is the greatest common factor of z and 11?
11
Let a(n) = n + 50. Let q be a(0). Suppose -2*y + w = -16, 5*y - w - q = 4*w. Let x be 50/4*12/10. What is the greatest common divisor of x and y?
3
Let s(n) = -n**3 - 9*n**2 - 7*n - 7. Let z be s(-9). Calculate the highest common factor of 7 and z.
7
Let l = 8 - 2. What is the greatest common divisor of 48 and l?
6
Let v = 296 + -151. Let p = v - 101. Let r = 33 + -22. Calculate the highest common divisor of r and p.
11
Suppose 2*y - 69 - 19 = 0. Let k = -13 - -24. What is the highest common divisor of y and k?
11
Suppose 0 = p - 4*d - 0*d - 3, -3*d - 6 = -2*p. Suppose -5*u = p*a - 22 - 33, 4*u - 4*a = 12. Calculate the highest common factor of 40 and u.
8
Let v(g) = -17*g**3 + 2*g + 3. Let r be v(-1). What is the greatest common factor of r and 54?
18
Suppose -25 = -24*l + 23*l. Let d = l - 7. Calculate the greatest common factor of d and 162.
18
Let h be 5/25 + (-46)/5. Let u(x) = -x**2 - 17*x - 9. Let p be u(h). Let i = 22 - -20. What is the highest common factor of p and i?
21
Let s(q) =